{"id":24,"date":"2021-01-13T23:44:37","date_gmt":"2021-01-13T22:44:37","guid":{"rendered":"http:\/\/nowa.marcinolszewski.pl\/?page_id=24"},"modified":"2025-03-22T17:18:20","modified_gmt":"2025-03-22T16:18:20","slug":"nota-biograficzna","status":"publish","type":"page","link":"http:\/\/marcinolszewski.pl\/index.php\/nota-biograficzna\/","title":{"rendered":"Nota biograficzna"},"content":{"rendered":"\n<h2 class=\"wp-block-heading\">Nota biograficzna<\/h2>\n\n\n\n<p>Marcin Bart\u0142omiej Olszewski,&nbsp;<strong>zarz\u0105dca nieruchomo\u015bci<\/strong>&nbsp;(licencja pa\u0144stwowa nr 21 755),&nbsp;<strong>poeta<\/strong>,&nbsp;<strong>fotograf, muzyk, tw\u00f3rca kuchni autorskiej, pasjonat genealogii<\/strong>. Zami\u0142owanie do sztuk dziedziczone po rodzinie (Apollonia Olszewska, babcia, malarka &#8211;&nbsp; muzyk, W\u0142adys\u0142aw Wi\u015bniewski, dziadek, absolwent Konserwatorium Muzycznego w Warszawie w klasie skrzypiec i wiolonczeli).<\/p>\n\n\n\n<p>Od 7 roku \u017cycia ucze\u0144&nbsp;<strong>Pa\u0144stwowej Szko\u0142y Muzycznej im. F. Chopina Warszawie w klasie skrzypiec&nbsp;<\/strong>(rok, w wyniku naboru przedszkolnego). Producent&nbsp;<strong>albumu muzycznego pt. &#8222;W cieniu wspomnie\u0144&#8221; (2005 r.)<\/strong>. Autor&nbsp;<strong>ponad 280 wierszy (od 1993 r.) zawartych w 21 zbiorach poezji&nbsp;<\/strong>(w ramach dzia\u0142alno\u015bci tw\u00f3rczej: opracowanie publikacji, oprawa graficzna, muzyczna, lektorat audio, promocja).<\/p>\n\n\n\n<p>Absolwent&nbsp;<strong>Szko\u0142y Fotograficznej<\/strong>&nbsp;przy ul. Spokojnej w Warszawie, autor wielu zdj\u0119\u0107 (w tym opraw ilustracyjnych do poezji). W fotografii, jak i w innych dziedzinach sztuki, inspiracji szuka bez wzgl\u0119du na czas i miejsce (cykl fotografii &#8222;O\u015bwietlenie domowego u\u017cytku&#8221;).<\/p>\n\n\n\n<p>Pasjonat&nbsp;<strong>genealogii rodzinnej<\/strong>&nbsp;(pocz\u0105tek w wieku 7 lat), w latach 2007 &#8211; 2013 r. zrzeszony w&nbsp;<strong>Zwi\u0105zku Szlachty Polskiej<\/strong>&nbsp;(2011 &#8211; 2013 r. cz\u0142onek Zarz\u0105du, Sekretarz Oddzia\u0142u ZSzP w Warszawie). Uczestnik projekt\u00f3w badawczych z dziedziny&nbsp;<strong>Genealogii Genetycznej&nbsp;<\/strong>(uczestnik projektu Mazovian Nobility Y-DNA &amp; mtDNA Project),&nbsp;haplogrupa R1a-L365, grupa &#8222;wschodnio &#8211; pomorska&#8221;).<\/p>\n\n\n\n<p>Od 2015 r. mianowany honorowym cz\u0142onkiem&nbsp;<strong>Zaporoskiego Szlacheckiego Zebrania (Ukraina).&nbsp;<\/strong>W 2017 decyzj\u0105 Rady Zaporoskiego Szlacheckiego Zebrania mianowany na stanowisko&nbsp;<strong>Pe\u0142nomocnego Przedstawiciela Zaporoskiego Szlacheckiego Zebrania w Rzeczypospolitej Polskiej.&nbsp;<\/strong>W 2018 r. decyzj\u0105 Rady Zaporoskiego Szlacheckiego Zebrania uzyskuje&nbsp;<strong>cz\u0142onkostwo rzeczywiste<\/strong>&nbsp;w w\/w stowarzyszeniu.&nbsp;<\/p>\n\n\n\n<p>Lubi gotowa\u0107, a jego dzia\u0142alno\u015b\u0107&nbsp;<strong>w sferze kuchni autorskiej&nbsp;<\/strong>zyskuje coraz szersze uznanie.&nbsp;<\/p>\n\n\n\n<p>W pracy nad poszczeg\u00f3lnymi projektami w dziedzinie poezji, muzyki fotografii i kulinari\u00f3w \u0142\u0105czy relacje tw\u00f3rcze (publikacje, oprawa graficzna, muzyka, dzia\u0142ania promocyjne, PR, social media).<\/p>\n\n\n\n<p>Absolwent&nbsp;<strong>Wy\u017cszej Szko\u0142y Gospodarowania Nieruchomo\u015bciami<\/strong>&nbsp;w Warszawie (licencjat na kierunku Prawo i Ekonomia, specjalno\u015b\u0107 &#8211; zarz\u0105dzanie nieruchomo\u015bciami, po\u015brednictwo w obrocie nieruchomo\u015bciami, studia magisterskie oraz studia podyplomowe w zakresie zarz\u0105dzania nieruchomo\u015bciami).<\/p>\n\n\n\n<p>Licencja zarz\u0105dcy nieruchomo\u015bci nr 21755 wydana przez Ministra Infrastruktury z dniem 6 pa\u017adziernika 2011 r.&nbsp;<\/p>\n\n\n\n<p><strong>Publikacje:<\/strong><\/p>\n\n\n\n<p><strong>&nbsp;&nbsp;&nbsp;&nbsp;&nbsp;&nbsp;&nbsp;&nbsp; Poezja:<\/strong><\/p>\n\n\n\n<ol>\n<li>Absolutus Miles (1995 r.)<\/li>\n\n\n\n<li>Samotno\u015b\u0107 (2005 r.)<\/li>\n\n\n\n<li>Spotkanie w mie\u015bcie oczekuj\u0105cych (2006 r.)<\/li>\n\n\n\n<li>Droga \u017cycia (2007 r.)<\/li>\n\n\n\n<li>Kryjan (2009 r.)<\/li>\n\n\n\n<li>Rajzer (2010 r.)<\/li>\n\n\n\n<li>Spok\u00f3j (2011 r.)<\/li>\n\n\n\n<li>Ciemno\u015b\u0107 (2012 r.)<\/li>\n\n\n\n<li>Retrospekcja (2012 r.)<\/li>\n\n\n\n<li>Mi\u0119dzy dusz\u0105 a \u015bwiatem (2013 r.)<\/li>\n\n\n\n<li>Samotno\u015b\u0107 (2014 r.)<\/li>\n\n\n\n<li>Cukiernia Mony (2015 r.)<\/li>\n\n\n\n<li>Rodzina (2016 r.)<\/li>\n\n\n\n<li>Lika (2017 r.)<\/li>\n\n\n\n<li>Daria (2018 r.)<\/li>\n\n\n\n<li>My\u015bli (2019 r.)<\/li>\n\n\n\n<li>Spok\u00f3j (2020 r.)<\/li>\n\n\n\n<li>Wajdelota (2021 r.)<\/li>\n\n\n\n<li>Sen (2022 r.)<\/li>\n\n\n\n<li>Praga (2023 r.)<\/li>\n\n\n\n<li>Takie sytuacje (2024 r.)<\/li>\n<\/ol>\n\n\n\n<p><strong>&nbsp;&nbsp;&nbsp;&nbsp;&nbsp;&nbsp;&nbsp; Muzyka:<\/strong><\/p>\n\n\n\n<ol>\n<li>\u00a0&#8222;W cieniu wspomnie\u0144&#8221; (2005 r.)<\/li>\n\n\n\n<li>&#8222;Refleksje&#8221; (2025 r.)<\/li>\n<\/ol>\n","protected":false},"excerpt":{"rendered":"<p>Nota biograficzna Marcin Bart\u0142omiej Olszewski,&nbsp;zarz\u0105dca nieruchomo\u015bci&nbsp;(licencja pa\u0144stwowa nr 21 755),&nbsp;poeta,&nbsp;fotograf, muzyk, tw\u00f3rca kuchni autorskiej, pasjonat genealogii. Zami\u0142owanie do sztuk dziedziczone po rodzinie (Apollonia Olszewska, babcia, malarka &#8211;&nbsp; muzyk, W\u0142adys\u0142aw Wi\u015bniewski, dziadek, absolwent Konserwatorium Muzycznego w Warszawie w klasie skrzypiec i wiolonczeli). Od 7 roku \u017cycia ucze\u0144&nbsp;Pa\u0144stwowej Szko\u0142y Muzycznej im. F. Chopina Warszawie w klasie skrzypiec&nbsp;(rok, &hellip; <a href=\"http:\/\/marcinolszewski.pl\/index.php\/nota-biograficzna\/\" class=\"more-link\">Czytaj dalej <span class=\"screen-reader-text\">Nota biograficzna<\/span><\/a><\/p>\n","protected":false},"author":1,"featured_media":0,"parent":0,"menu_order":0,"comment_status":"closed","ping_status":"closed","template":"","meta":{"spay_email":"","footnotes":""},"_links":{"self":[{"href":"http:\/\/marcinolszewski.pl\/index.php\/wp-json\/wp\/v2\/pages\/24"}],"collection":[{"href":"http:\/\/marcinolszewski.pl\/index.php\/wp-json\/wp\/v2\/pages"}],"about":[{"href":"http:\/\/marcinolszewski.pl\/index.php\/wp-json\/wp\/v2\/types\/page"}],"author":[{"embeddable":true,"href":"http:\/\/marcinolszewski.pl\/index.php\/wp-json\/wp\/v2\/users\/1"}],"replies":[{"embeddable":true,"href":"http:\/\/marcinolszewski.pl\/index.php\/wp-json\/wp\/v2\/comments?post=24"}],"version-history":[{"count":6,"href":"http:\/\/marcinolszewski.pl\/index.php\/wp-json\/wp\/v2\/pages\/24\/revisions"}],"predecessor-version":[{"id":2689,"href":"http:\/\/marcinolszewski.pl\/index.php\/wp-json\/wp\/v2\/pages\/24\/revisions\/2689"}],"wp:attachment":[{"href":"http:\/\/marcinolszewski.pl\/index.php\/wp-json\/wp\/v2\/media?parent=24"}],"curies":[{"name":"wp","href":"https:\/\/api.w.org\/{rel}","templated":true}]}}

<h2 class="wp-block-heading">Nota biograficzna</h2>



<p>Marcin Bartłomiej Olszewski,&nbsp;<strong>zarządca nieruchomości</strong>&nbsp;(licencja państwowa nr 21 755),&nbsp;<strong>poeta</strong>,&nbsp;<strong>fotograf, muzyk, twórca kuchni autorskiej, pasjonat genealogii</strong>. Zamiłowanie do sztuk dziedziczone po rodzinie (Apollonia Olszewska, babcia, malarka &#8211;&nbsp; muzyk, Władysław Wiśniewski, dziadek, absolwent Konserwatorium Muzycznego w Warszawie w klasie skrzypiec i wiolonczeli).</p>



<p>Od 7 roku życia uczeń&nbsp;<strong>Państwowej Szkoły Muzycznej im. F. Chopina Warszawie w klasie skrzypiec&nbsp;</strong>(rok, w wyniku naboru przedszkolnego). Producent&nbsp;<strong>albumu muzycznego pt. &#8222;W cieniu wspomnień&#8221; (2005 r.)</strong>. Autor&nbsp;<strong>ponad 280 wierszy (od 1993 r.) zawartych w 21 zbiorach poezji&nbsp;</strong>(w ramach działalności twórczej: opracowanie publikacji, oprawa graficzna, muzyczna, lektorat audio, promocja).</p>



<p>Absolwent&nbsp;<strong>Szkoły Fotograficznej</strong>&nbsp;przy ul. Spokojnej w Warszawie, autor wielu zdjęć (w tym opraw ilustracyjnych do poezji). W fotografii, jak i w innych dziedzinach sztuki, inspiracji szuka bez względu na czas i miejsce (cykl fotografii &#8222;Oświetlenie domowego użytku&#8221;).</p>



<p>Pasjonat&nbsp;<strong>genealogii rodzinnej</strong>&nbsp;(początek w wieku 7 lat), w latach 2007 &#8211; 2013 r. zrzeszony w&nbsp;<strong>Związku Szlachty Polskiej</strong>&nbsp;(2011 &#8211; 2013 r. członek Zarządu, Sekretarz Oddziału ZSzP w Warszawie). Uczestnik projektów badawczych z dziedziny&nbsp;<strong>Genealogii Genetycznej&nbsp;</strong>(uczestnik projektu Mazovian Nobility Y-DNA &amp; mtDNA Project),&nbsp;haplogrupa R1a-L365, grupa &#8222;wschodnio &#8211; pomorska&#8221;).</p>



<p>Od 2015 r. mianowany honorowym członkiem&nbsp;<strong>Zaporoskiego Szlacheckiego Zebrania (Ukraina).&nbsp;</strong>W 2017 decyzją Rady Zaporoskiego Szlacheckiego Zebrania mianowany na stanowisko&nbsp;<strong>Pełnomocnego Przedstawiciela Zaporoskiego Szlacheckiego Zebrania w Rzeczypospolitej Polskiej.&nbsp;</strong>W 2018 r. decyzją Rady Zaporoskiego Szlacheckiego Zebrania uzyskuje&nbsp;<strong>członkostwo rzeczywiste</strong>&nbsp;w w/w stowarzyszeniu.&nbsp;</p>



<p>Lubi gotować, a jego działalność&nbsp;<strong>w sferze kuchni autorskiej&nbsp;</strong>zyskuje coraz szersze uznanie.&nbsp;</p>



<p>W pracy nad poszczególnymi projektami w dziedzinie poezji, muzyki fotografii i kulinariów łączy relacje twórcze (publikacje, oprawa graficzna, muzyka, działania promocyjne, PR, social media).</p>



<p>Absolwent&nbsp;<strong>Wyższej Szkoły Gospodarowania Nieruchomościami</strong>&nbsp;w Warszawie (licencjat na kierunku Prawo i Ekonomia, specjalność &#8211; zarządzanie nieruchomościami, pośrednictwo w obrocie nieruchomościami, studia magisterskie oraz studia podyplomowe w zakresie zarządzania nieruchomościami).</p>



<p>Licencja zarządcy nieruchomości nr 21755 wydana przez Ministra Infrastruktury z dniem 6 października 2011 r.&nbsp;</p>



<p><strong>Publikacje:</strong></p>



<p><strong>&nbsp;&nbsp;&nbsp;&nbsp;&nbsp;&nbsp;&nbsp;&nbsp; Poezja:</strong></p>



<ol>
<li>Absolutus Miles (1995 r.)</li>



<li>Samotność (2005 r.)</li>



<li>Spotkanie w mieście oczekujących (2006 r.)</li>



<li>Droga życia (2007 r.)</li>



<li>Kryjan (2009 r.)</li>



<li>Rajzer (2010 r.)</li>



<li>Spokój (2011 r.)</li>



<li>Ciemność (2012 r.)</li>



<li>Retrospekcja (2012 r.)</li>



<li>Między duszą a światem (2013 r.)</li>



<li>Samotność (2014 r.)</li>



<li>Cukiernia Mony (2015 r.)</li>



<li>Rodzina (2016 r.)</li>



<li>Lika (2017 r.)</li>



<li>Daria (2018 r.)</li>



<li>Myśli (2019 r.)</li>



<li>Spokój (2020 r.)</li>



<li>Wajdelota (2021 r.)</li>



<li>Sen (2022 r.)</li>



<li>Praga (2023 r.)</li>



<li>Takie sytuacje (2024 r.)</li>
</ol>



<p><strong>&nbsp;&nbsp;&nbsp;&nbsp;&nbsp;&nbsp;&nbsp; Muzyka:</strong></p>



<ol>
<li> &#8222;W cieniu wspomnień&#8221; (2005 r.)</li>



<li>&#8222;Refleksje&#8221; (2025 r.)</li>
</ol>

<p>Nota biograficzna Marcin Bartłomiej Olszewski,&nbsp;zarządca nieruchomości&nbsp;(licencja państwowa nr 21 755),&nbsp;poeta,&nbsp;fotograf, muzyk, twórca kuchni autorskiej, pasjonat genealogii. Zamiłowanie do sztuk dziedziczone po rodzinie (Apollonia Olszewska, babcia, malarka &#8211;&nbsp; muzyk, Władysław Wiśniewski, dziadek, absolwent Konserwatorium Muzycznego w Warszawie w klasie skrzypiec i wiolonczeli). Od 7 roku życia uczeń&nbsp;Państwowej Szkoły Muzycznej im. F. Chopina Warszawie w klasie skrzypiec&nbsp;(rok, &hellip; <a href="http://marcinolszewski.pl/index.php/nota-biograficzna/" class="more-link">Czytaj dalej <span class="screen-reader-text">Nota biograficzna</span></a></p>
